s -4 - -1 - (3 - (6 - 4))?
-4
What is -58 + 43 - (-5 + 3 - 4)?
-9
What is 14 + -10 + 2 - (-2 - -1)?
7
0 - (-1 - 3) - 4
0
What is the value of -10 + 1 + 9 - -3?
3
What is the value of -4 + 2 + (-11 - -15) + -2?
0
Evaluate -10 - (-5 - -3 - 0).
-8
What is 1 + 2 + -3 + -7 + 1?
-6
What is the value of (3 - 2) + (-7 - -5)?
-1
Calculate -33 + 28 + 8 + 0 + 1.
4
Calculate (1 - -2) + (2 - (1 - 1)).
5
What is (0 - 2) + -10 + 18?
6
Evaluate -7 - (-4 + -2 + -1).
0
Evaluate -4 + (3 + 0 - 2).
-3
(5 - 2) + (0 - (-1 - 1))
5
-13 - -15 - (8 + 0) - -2
-4
Calculate -6 + (-4 - -3) + 1 + 4.
-2
(-2 + -1 - -10) + (0 - 2)
5
What is 17 + (-7 - -3) + -5 - 1?
7
What is the value of -9 + (21 + -10 - 6)?
-4
Calculate 7 + -3 + (-3 - (-3 + 0)).
4
What is -1 + (3 - 9) + 2 - -2?
-3
Calculate (-1 - 0) + (33 - 30).
2
What is the value of -5 + (-4 - -5 - -6) + -6?
-4
Calculate 19 + (-23 - (14 + -24)).
6
Calculate -14 + 39 + -11 - 7.
7
Calculate (3 - 4) + -6 + 3.
-4
4 + 2 + -70 + 68
4
Calculate 1 - 14 - (7 - 7 - 7).
-6
What is -1 + (0 - 0) + -3?
-4
Evaluate (-2 + 0 - 1) + (-5 - -5).
-3
Evaluate 1 - (-2 + 2 + -4 + 5).
0
4 + -4 - (-3 + (10 - 3))
-4
2 + 0 + (-10 - -10)
2
What is 12 + -7 + 11 + -14?
2
What is 5 - (4 + (13 - (9 - 4)))?
-7
Calculate 6 - 15 - (-3 - 1).
-5
What is 3 - (6 + -7 + 10)?
-6
Calculate -4 + (3 - (-2 + -3)) - -5.
9
What is the value of (-9 - (-6 + -6)) + -8?
-5
Evaluate -9 + 12 + (-1 - (1 + 1)).
0
Calculate -2 - (-2 + 0) - (-1 + 2).
-1
What is -2 + (3 - (4 - -1)) - 1?
-5
-3 - ((3 - 8) + 6)
-4
What is (9 - (-3 + 9)) + 2 + -1?
4
What is the value of 1 - 8 - (37 - 42)?
-2
Calculate 0 - (4 - (-4 + 8) - -1).
-1
4 - (-2 + (-2 - -9))
-1
Calculate -2 - (-6 + 1 - -5).
-2
Calculate -4 - (-12 - 0) - (5 + -1).
4
What is the value of -3 - (6 - 4 - (11 - 4))?
2
Calculate 4 + 0 + 4 + -4.
4
(11 - 24 - -11) + -7
-9
What is the value of -1 + -3 + -5 - -4?
-5
What is -7 + 2 + 0 + 6?
1
What is the value of 3 - (-8 - (-16 - -9))?
4
-25 - -26 - (1 - -7)
-7
Evaluate 85 - 83 - (1 - 9).
10
Evaluate 7 + -11 + (2 - (-3 + 9)).
-8
-3 + 4 + -4 + (10 - 3)
4
-1 + 0 - (7 + -6 - -1)
-3
Evaluate 3 + -9 + 9 - 1.
2
(0 + -4 - (1 + -6)) + -7
-6
Evaluate -1 + 3 + -1 + -3.
-2
What is -1 - (0 + -5) - (5 + 1)?
-2
What is (-10 - -4) + (0 - -3)?
-3
What is the value of -1 + -1 + 0 + 8 + -4?
2
Evaluate 55 - 60 - (1 + (0 - 1)).
-5
What is the value of (-8 - (-1 - -4)) + 13?
2
What is -6 + (7 - -5) - 5 - 4?
-3
1 + -2 + -1 + -3
-5
What is 0 + 9 + -1 + -4 + 1?
5
(-9 - -11) + -2 - 3
-3
Evaluate 1 - (7 - 9 - -3).
0
What is 0 + (-3 + -8 - -10)?
-1
What is the value of (4 - (4 + 0)) + -5?
-5
-5 - (-3 - 1 - -5)
-6
What is 6 + (-6 - 2 - -2)?
0
Calculate 1 + (-1 - (3 - 4)).
1
What is the value of 13 + -8 + -4 + -5?
-4
What is the value of -9 + 10 - (1 + 4)?
-4
9 + -4 + 1 - (-5 + 15)
-4
What is the value of 3 + (-4 - -8) + -4?
3
Calculate 33 - 41 - (-9 + 2).
-1
What is 1 - (4 + -4 - 5 - -3)?
3
(-2 - -5 - (0 + -2)) + -3
2
Evaluate -2 - ((-3 - (-12 - -4)) + -2).
-5
Evaluate -4 + -5 + 4 + 4.
-1
-2 - -7 - (1 - 2 - -3)
3
Evaluate 3 + -2 + (-3 - 0).
-2
Calculate (-24 - -21) + (5 - (-3 - -2)).
3
What is -3 + (-2 - 0) + 0 + 0?
-5
What is -3 - -2 - (-4 + 1) - 3?
-1
-1 + 0 + 6 + 5
10
What is 0 + (2 - 11) - -13?
4
Evaluate -3 + -2 + 2 + 0.
-3
What is the value of -8 + 6 + -7 + 4?
-5
10 - (4 + -1 + (1 - -1))
5
What is -11 + 1 - (50 - 52)?
-8
Evaluate -3 + 4 + 7 + -10.
-2
(1 - -2) + 6 - 15
-6
Evaluate 1 + 2 - (9 + -9 + 3).
0
8 + 4 + (-3 - 4) + 0
5
What is the value of 10 + (0 - 1) + (30 - 32)?
7
-7 - -2 - -2 - -1
-2
Calculate (-7 - -9 - -7) + -5 + 1.
5
Calculate -4 + -5 + 8 + 8.
7
-25 + 13 + 8 - (1 - 7)
2
Evaluate -3 + (13 - (-4 - -9)).
5
2 + -4 - -1 - (-3 + 1)
1
Calculate -1 + (2 + -7 - (-8 + 6)).
-4
Evaluate -4 + 8 + -4 + -4.
-4
What is 1 - (-3 - -7) - (-4 + 5)?
-4
What is 3 + (8 - 1 - (78 + -77))?
9
4 - (-6 + 7 - -7)
-4
What is 4 + -2 + 2 + -7 + 1?
-2
Evaluate -6 - (-1 + (5 - 4)).
-6
(4 + -11 - 4) + 0 + 8
-3
What is the value of (0 - (3 + -5)) + -3?
-1
-6 + 5 - -3 - (1 + 0)
1
What is 1 + (6 + -5 + -4 - -6)?
4
Evaluate -5 + 5 + 14 + -8.
6
What is the value of -3 - (-5 + -2 + 0)?
4
What is (10 + -13 - (-2 - 4)) + -6?
-3
Calculate (1 - 2) + -2 + -4 + 3.
-4
Evaluate 4 - (-10 + 3 + 7).
4
What is the value of -5 - (-3 - 1) - -6?
5
(-6 - 1) + 3 - -5
1
What is the value of 5 - (13 + -11 - (1 + 0))?
4
-6 + (-69 - -59 - (1 + -8))
-9
Calculate -2 - (-12 + 10 - 8).
8
5 + -7 - (-13 + 5)
6
-54 - -53 - (1 + 5)
-7
What is the value of 1 - 3 - (-2 - (-3 - 1))?
-4
What is 1 + -2 + -2 - -4?
1
1 + -1 + 4 + -4
0
Calculate -1 + -11 + (3 - (13 + -16)).
-6
Calculate 3 + -1 + (-2 - -3).
3
What is the value of 4 + 4 + 6 + -11?
3
What is the value of -2 + -2 - (5 + 1 + -5)?
-5
What is the value of 5 + (-3 - ((0 - 2) + 0))?
4
(7 - 6) + 2 - (2 + 3)
-2
Evaluate (-7 - -1 - -4) + -2 + -1.
-5
What is the value of -1 - (2 + -9) - 3 - 3?
0
-7 + 4 + -2 + 7 + -7
-5
Evaluate 1 - (4 + 2) - (41 - 44).
-2
What is 2 - 4 - 0 - (-8 - -1)?
5
What is (0 - -2) + (-13 - -18)?
7
What is the value of 6 - (0 - -15 - 8)?
-1
What is (2 - 1) + 16 + -12 + -7?
-2
What is the value of -204 + 211 - (11 + 1 + -1)?
-4
3 + (-6 - 1) + -25 + 30
1
What is the value of -2 + 14 + -11 - (0 - -5)?
-4
What is the value of -13 + 15 + 4 + -9?
-3
Calculate 0 + -7 + 6 + 4.
3
What is the value of -2 + (-2 - (0 - 8)) + 1?
5
What is -5 + 2 - (9 + -3 + -15)?
6
What is (1 - -3) + (3 - (1 - -2))?
4
What is the value of (0 - 1) + 3 + -1?
1
Evaluate (-1 - 0 - -4) + 2.
5
1 + 9 - (-47 + 55)
2
What is the value of 2 - ((2 - 0) + -4)?
4
Evaluate (2 - 1 - 2) + -66 + 62.
-5
Calculate 17 + (0 - 9) - 3.
5
What is the value of -1 + -2 - 2 - -1?
-4
What is -2 - (4 + (-4 - (2 + 3)))?
3
Calculate -2 + 2 + 0 + -1 + -3.
-4
Calculate 7 + -1 + (-2 - (-2 + 6)).
0
What is the value of (3 - 1) + 4 + -5 + -7?
-6
What is (3 - 6) + -1 + (6 - 3)?
-1
0 + (-6 - -13 - -1) + 0
8
What is the value of (2 + 0 - -2) + -7?
-3
What is -1 - -9 - (-36 + 43)?
1
Calculate -2 - ((-1 - -7) + -7).
-1
Evaluate -3 + 6 + (-4 - -6).
5
What is the value of 1 + -6 + 7 + -4?
-2
What is -3 + 2 - (-55 - -48)?
6
Calculate 2 - (0 + -2) - 5.
-1
What is the value of (11 - (-11 + 16)) + 0?
6
Calculate -3 - (-4 + -5 + 0) - 2.
4
(5 + -2 - 2) + 3 - 0
4
Calculate -4 - (-2 + 1) - -7.
4
Calculate 3 + -9 + 1 + -1 + 8.
2
Calculate -6 + 13 + -8 + 9.
8
-5 + 9 + (1 - 15) - -5
-5
(5 - 8) + 5 + (1 - 2)
1
What is -66 + 67 - (8 - -2)?
-9
(0 - -2 - 3 - -1) + 1
1
(14 - (6 - -2)) + -14 - -2
-6
((0 - -3) + -9 - -2) + 1
-3
What is the value of (2 - (-2 - 2)) + -3?
3
What is -21 + 18 - ((-3 - -3) + -6)?
3
What is the value of (0 - -1) + (-22 - -26)?
5
Evaluate -8 + -10 + (7 - -6) + -6.
-11
-4 - (-4 + 3 + -2)
-1
What is 1 + (-2 - -4) + -17 + 13?
-1
What is the value of 1 + -1 + 1 + (-16 - -21)?
6
What is the value of -5 - -3 - (-1 + -2 + -1)?
2
Calculate -2 + -4 - (-7 - (21 - 14)).
8
Calculate 6 + -6 + -2 + 4.
2
Calculate -3 - (3 + -3 + 1).
-4
Calculate -1 + 4 + (4 - 13).
-6
Calculate -2 - (-1 + 2) - -8.
5
What is 8 + (6 - 15) + 5?
4
(1 - 8) + (-29 - -41)
5
What is the value of -9 + 5 - (-1 + -1)?
-2
Calculate -3 - 0 - (-2 + 6 + -4).
-3
Calculate 0 + (9 - 5) + -1 + 3.
6
What is the value of -2 - (2 - 4) - (8 + -3)?
-5
6 + -11 + 10 + 4
9
What is -2 + -1 + (10 - (-4 + 15))?
-4
What is the value of (-3 + 0 - 0) + 27 + -21?
3
What is the value of 4 + 12 + (2 - 7) + -16?
-5
Evaluate (2 - 2) + 5 - (9 - -1).
-5
What is (-20 - -32) + 0 + -8 + 1?
5
3 - (4 - (5 + -12))
-8
What is (-5 + (-1 - 0) - -4) + 4?
2
What is the value of (-94 - -92) + 0 + 1?
-1
What is 9 - ((3 - -11) + -9)?
4
What is the value of -7 - (-10 - -2) - 2?
-1
What is the value of (1 - 16) + 15 + -5?
-5
Calculate 5 + (-6 - -12) - 5 - -1.
7
Calculate 1 + 1 + 43 + -46.
-1
Calculate (-3 - 1) + 0 + 7.
3
What is -4 + 0 - -1 - (-409 + 395)?
11
Calculate (-17 - -4) + -2 + 8.
-7
53 - 46 - (5 + -1)
3
What is the value of 12 + -10 + 4 + -7?
-1
2 + (-7 - -3) + (-12 - -8)
-6
Evaluate -5 + 0 + (2 - 1).
-4
What is the value of -7 - (-2 + (3 - (3 + 2)))?
-3
Evaluate (13 - 14) + 0 + 0 + 0.
-1
Calculate -3 + (-6 + 11 - 6) + 7.
3
What is the value of 4 - (0 - -9) - -6?
1
Evaluate (-10 - (0 - 6)) + 6.
2
Calculate -173 + 173 - (-1 - 1).
2
What is the value of (-1 - 12 - -6) + 4?
-3
What is -5 - ((1 - 2) + -1)?
-3
Calculate (-7 - -1 - -11) + -